8349, -3*d - 2*i + 88975 = 0. List the prime factors of d.
3, 9887
Let o(k) = -k**2 + 43*k - 11. Let j(q) = 3*q**2 + q + 13. Let d be j(-3). List the prime factors of o(d).
211
Let z(u) = -29*u + 25. Let m be z(12). Let d = m + 208. What are the prime factors of d/(-2) - (-25)/10?
2, 3, 5
List the prime factors of (48/64)/(15/127480).
2, 3187
Suppose -2*p + 1 = -305. Suppose -83*m + 82*m = -p. List the prime factors of m.
3, 17
Let l(n) = 85*n + 2. Suppose -3*g = 3*f - 1 - 5, -g = -f - 4. Let d be l(g). Suppose h = -3*i + d, 0 = -3*i - 5*h - 116 + 393. What are the prime factors of i?
2, 3, 7
Suppose 36*g - 42*g + 72 = 0. Suppose -w = 10 - g. List the prime factors of -2*(w - -117)*-1 - 1.
3, 79
List the prime factors of (-4087*48/32)/((-2)/4 - 0).
3, 61, 67
Let z(k) = 17*k**2 - 17 + k**3 - 4 + 14*k + 2 + 3 - 13. List the prime factors of z(-14).
3, 11
Let z = 49 - -19. Let j = z - 70. List the prime factors of (-1)/j + (-3)/(-6)*137.
3, 23
Let s(q) be the third derivative of -q**5/60 + 7*q**4/6 - 7*q**3/6 - 6*q**2. Let x be s(27). Suppose x*f - 3*f - 238 = 0. What are the prime factors of f?
2, 7
Let v = -16 + 27. Suppose -v*c = -15*c + 248. Let i = 12 + c. What are the prime factors of i?
2, 37
Let q be 6/(-8) - 88/(-32). Let g(m) = m**2 + 17*m + 64. Let i be g(-4). What are the prime factors of 163/q + (-6)/i?
3
Suppose -6 = -v + 2*c - c, -4*v = 4*c. Let w be ((-16)/40)/(v/(-15)). Suppose -2*t + 454 = 2*n, -4*t - 462 = -2*n - w*t. What are the prime factors of n?
229
What are the prime factors of (1 + 1923)/(16/32)?
2, 13, 37
Suppose -2*f + 18722 = 5*t, -5*f + 46847 = -0*t + 2*t. What are the prime factors of f?
9371
Suppose 0 = 4*o + u - 17036, 3*u - 12078 = -4*o + 4966. Suppose -3*v - 17*h + 15*h + o = 0, 2*v - h = 2827. What are the prime factors of v?
2, 3, 59
Suppose -589 = -3*y - 2*o, 2*y - 201 - 165 = 4*o. Suppose -14*p = -15*p + y. List the prime factors of p.
193
Suppose 80*y - 1285264 + 345584 = 0. List the prime factors of y.
2, 7, 839
Let n = -13044 - -21595. What are the prime factors of n?
17, 503
Suppose 755227 = 20*l - 148*l + 2366619. List the prime factors of l.
12589
Suppose -4*a + 10*t - 5*t + 28 = 0, -8 = 2*a + 3*t. Suppose a*g + 6 = 18. List the prime factors of 4/g*1*57.
2, 19
Let x be 6346/152*(4 - (3 + -3)). Let n = -200 - -105. Let v = n + x. List the prime factors of v.
2, 3
Let u(h) = 19*h**2 - 5*h + 3. Let g be (-4)/(2 + 6)*(-43 - -1). Let r = g - 18. What are the prime factors of u(r)?
3, 53
List the prime factors of 5266 - 2 - (29 - 20).
5, 1051
Let l(k) = -2*k**2 + 13*k. Let q be l(6). Let b(w) = 4*w**3 - 4*w**2 - 11*w - 25. What are the prime factors of b(q)?
17, 37
Let p = 47 + -51. Let o(j) = -63*j + 3. List the prime factors of o(p).
3, 5, 17
Let b(c) = 20*c**3 - 6*c**2 + 18*c - 74. Let o(f) = 15*f**3 - 6*f**2 + 19*f - 73. Let s(r) = -2*b(r) + 3*o(r). What are the prime factors of s(6)?
919
Suppose 4*z - 7 = o + 4*o, -o - 11 = -4*z. Let s = z + 152. List the prime factors of (s - ((-3 - 1) + 4))*1.
5, 31
Let t(j) = -j**3 + 4*j**2 - j + 10. Let k be t(4). Suppose -k*x + 4*x = -h + 518, x - 1041 = -2*h. Suppose 32*y - h = 27*y. List the prime factors of y.
2, 13
Let v(k) = -1989*k + 13328. List the prime factors of v(-32).
2, 17, 283
List the prime factors of (-6)/22 + 143503140/7260.
2, 9883
Let s = -385 - -391. Suppose -4*x + 8*k - s*k = -78, x = 2*k + 18. List the prime factors of x.
2, 5
Let j(y) = -173*y + 763. List the prime factors of j(0).
7, 109
Let c(m) = 93*m + 129. Let w be c(8). Let o = w + 619. List the prime factors of o.
2, 373
Let b(u) = u - 2. Let j be b(9). Suppose 5*h + 91 = 3*c - j*c, -3*h - 49 = c. List the prime factors of (h + 0)/((-24)/128).
2, 5
Let a(f) = f - 2. Let c be a(6). Let y(j) = -2*j**2 + 48*j - 76. Let v be y(22). What are the prime factors of 0 + 71 + v/c?
2, 37
Suppose -3*n + 6162 = 3*a, 4*a = -5*n - 0*n + 8221. Suppose 9*v - a = 3504. List the prime factors of v.
617
Let i(n) = n**3 + 38*n**2 + 114*n + 8. What are the prime factors of i(-29)?
4271
What are the prime factors of (8 + 19432/49)/(2/35)?
2, 3, 5, 59
Let k = -9692 - -22925. What are the prime factors of k?
3, 11, 401
Let s(k) = -32*k - 12. Let n be 4 - (-1 + 1 + 3 + -4). Let b be s(n). Let a = 62 - b. List the prime factors of a.
2, 3, 13
Suppose -2182416 = -126*o - 731266 + 1894780. What are the prime factors of o?
5, 47, 113
Suppose 397*h = 390*h + 60137. List the prime factors of h.
11, 71
Let r be (-7 - (-4 - -6))*(-160)/15. Suppose r*w = 94*w + 680. What are the prime factors of w?
2, 5, 17
List the prime factors of (-8299)/(-3) - (-10)/105*7.
2767
Let s(b) = 109*b - 23. Let y be s(6). Let q = 1072 - y. List the prime factors of q.
3, 7
Let m(p) = p**2 + 10*p + 18. Suppose w - 2*w - 3*a = -6, 50 = -5*w + 5*a. Let z be m(w). List the prime factors of (4/(-5))/(z/15) - -36.
2, 19
Suppose -d = 23 - 22, -841 = -3*w + d. Suppose -3*f + 1649 = -w. What are the prime factors of f?
643
Let f be (441/(-18))/(-2*(-1)/(-4)). Suppose 0 = 2*n - 4, 4*t + 9 + f = 3*n. List the prime factors of (-1)/t*-2 - (-3358)/26.
3, 43
Suppose 5*z - 53 = 4*k, -2*k + 4*k = -2*z + 32. Let y = z + -14. What are the prime factors of 1*y*385/(-5)?
7, 11
Let k = 39697 + -17247. List the prime factors of k.
2, 5, 449
Let l(u) = -14*u - 136. Let c be l(-10). List the prime factors of c + 88/(-20) + (-2457)/(-5).
491
Let w(b) = -5*b**2 + 3*b + 9. Let n be w(-6). Let c = 201 + n. List the prime factors of c.
2, 3
Suppose -4*w - 122*k + 26532 = -118*k, 3*k = -6. List the prime factors of w.
5, 1327
Let y = -6265 + 48362. What are the prime factors of y?
11, 43, 89
Let f(p) = -7971*p + 1010. What are the prime factors of f(-6)?
2, 29, 421
Suppose -10 = g - 3*w, 5*g = 4*w - 3 - 3. Suppose -g*o - 3*o - q + 112 = 0, -8 = -4*q. Let x(m) = 6*m - 44. List the prime factors of x(o).
2, 11
Let s(t) = 2*t**2 - 5*t + 1. Let u be s(4). Let f(d) = 9*d + 21 - 7 - 29. List the prime factors of f(u).
2, 3, 17
Let n(j) = -559*j - 1. Let a be n(3). What are the prime factors of 1/4 + 1/(-8)*a?
2, 3, 5, 7
Suppose -6*n + 29 = -655. List the prime factors of 46/4*(n + -62).
2, 13, 23
Suppose -4*l + 176 = -2*g - 2*g, 2*l + 4 = 0. Let h = 96 + g. Let m = 87 - h. List the prime factors of m.
37
Let s = 10568 - 4098. Suppose 0 = 264*l - 259*l - s. What are the prime factors of l?
2, 647
Let u(r) = -r**2 - 5*r + 109. Let g be u(-13). Suppose g*i - a = 2766, -3*i + 20*a - 18*a + 1654 = 0. What are the prime factors of i?
2, 277
Let w(v) = -459*v - 13. Let c(l) = 688*l + 20. Let j = 127 + -122. Let y(o) = j*c(o) + 8*w(o). What are the prime factors of y(-1)?
2, 3, 19
Suppose 2*s - 2*u - 16 = -2*s, -4*s - 5*u = -44. Let g(v) = -4*v - 13. Let n be g(s). Let f = n - -59. What are the prime factors of f?
2, 11
Let u(w) = 283*w**2 + 74*w + 14. List the prime factors of u(-4).
2, 11, 193
Let d = 6126 - 1059. What are the prime factors of d?
3, 563
Let u = -261 + 463. Suppose -2*c + 2*h = -u, -c + 4*h = c - 192. What are the prime factors of c?
2, 53
Let r = -2830 + 4883. What are the prime factors of r?
2053
Suppose -w + 8 = 2. Suppose -3135 = -w*m + 2901. What are the prime factors of m?
2, 503
Suppose 5*r = -4*a + 75252, 0 = -44*r + 46*r + 5*a - 30111. What are the prime factors of r?
2, 3, 11, 19
Let t(x) = -x**3 + 17*x**2 + 20*x - 34. Let r be t(18). Suppose 11*b - 16*b = -r*l - 320, 5*l = 0. List the prime factors of b.
2
Suppose 0*a = 39*a - 252369. List the prime factors of a.
3, 719
Suppose -320*c = -2226553 - 1044696 - 2331951. List the prime factors of c.
2, 5, 17, 103
Suppose 0 = -b + 10 - 6. Suppose 8 = b*s - 4*x - 0, -4*s = -3*x - 8. Suppose 5*k = s*o + 3*o - 665, 2*o = 4*k + 256. List the prime factors of o.
2, 3, 23
Let x be 9 + (12/(-4))/3. Let c(z) = 0*z - 2 + 2*z - x*z - 1. What are the prime factors of c(-7)?
3, 13
Suppose 0*l + 2*l = 34. Let u(h) = h**3 - 11*h**2 + 8*h + 23. Let s be u(10). Suppose 350 = 3*q + 3*i + l, -s*q = -5*i - 357. List the prime factors of q.
2, 3, 19
Let k(l) = -3*l**2 + 10*l + 24. Let v be k(5). Let n(j) = -954*j**3 + 2*j**2 - 2*j - 5. What are the prime factors of n(v)?
953
Let p(l) be the first derivative of l**6/20 + l**5/20 + l**4/12 - 13*l**2/2 + 2. Let g(o) be the second derivative of p(o). What are the prime factors 